{"id":846,"date":"2024-01-08T15:52:23","date_gmt":"2024-01-08T14:52:23","guid":{"rendered":"https:\/\/flora-debowski.pl\/infrastruktura_drogowa\/?page_id=846"},"modified":"2024-04-03T22:40:48","modified_gmt":"2024-04-03T20:40:48","slug":"ekrany-ziemne","status":"publish","type":"page","link":"https:\/\/flora-debowski.pl\/infrastruktura_drogowa\/ekrany-ziemne\/","title":{"rendered":"EKRANY ZIEMNE"},"content":{"rendered":"\t\t<div data-elementor-type=\"wp-page\" data-elementor-id=\"846\" class=\"elementor elementor-846\">\n\t\t\t\t<div class=\"elementor-element elementor-element-72d480b2 e-flex e-con-boxed e-con e-parent\" data-id=\"72d480b2\" data-element_type=\"container\" data-e-type=\"container\">\n\t\t\t\t\t<div class=\"e-con-inner\">\n\t\t\t\t<div class=\"elementor-element elementor-element-72d16eaa elementor-arrows-position-inside elementor-pagination-position-outside elementor-widget elementor-widget-image-carousel\" data-id=\"72d16eaa\" data-element_type=\"widget\" data-e-type=\"widget\" data-settings=\"{&quot;slides_to_show&quot;:&quot;4&quot;,&quot;slides_to_scroll&quot;:&quot;4&quot;,&quot;pause_on_hover&quot;:&quot;no&quot;,&quot;pause_on_interaction&quot;:&quot;no&quot;,&quot;autoplay_speed&quot;:50,&quot;speed&quot;:10000,&quot;image_spacing_custom&quot;:{&quot;unit&quot;:&quot;px&quot;,&quot;size&quot;:5,&quot;sizes&quot;:[]},&quot;navigation&quot;:&quot;both&quot;,&quot;autoplay&quot;:&quot;yes&quot;,&quot;infinite&quot;:&quot;yes&quot;,&quot;image_spacing_custom_tablet&quot;:{&quot;unit&quot;:&quot;px&quot;,&quot;size&quot;:&quot;&quot;,&quot;sizes&quot;:[]},&quot;image_spacing_custom_mobile&quot;:{&quot;unit&quot;:&quot;px&quot;,&quot;size&quot;:&quot;&quot;,&quot;sizes&quot;:[]}}\" data-widget_type=\"image-carousel.default\">\n\t\t\t\t<div class=\"elementor-widget-container\">\n\t\t\t\t\t\t\t<div class=\"elementor-image-carousel-wrapper swiper\" role=\"region\" aria-roledescription=\"carousel\" aria-label=\"Karuzela obrazk\u00f3w\" dir=\"ltr\">\n\t\t\t<div class=\"elementor-image-carousel swiper-wrapper\" aria-live=\"off\">\n\t\t\t\t\t\t\t\t<div class=\"swiper-slide\" role=\"group\" aria-roledescription=\"slide\" aria-label=\"1 z 14\"><figure class=\"swiper-slide-inner\"><img decoding=\"async\" class=\"swiper-slide-image\" src=\"https:\/\/flora-debowski.pl\/infrastruktura_drogowa\/wp-content\/uploads\/2024\/01\/ZIEMNE-1-Copy-Copy-1030x773-1-425x415.jpg\" alt=\"ZIEMNE-1-Copy-Copy-1030x773\" \/><\/figure><\/div><div class=\"swiper-slide\" role=\"group\" aria-roledescription=\"slide\" aria-label=\"2 z 14\"><figure class=\"swiper-slide-inner\"><img decoding=\"async\" class=\"swiper-slide-image\" src=\"https:\/\/flora-debowski.pl\/infrastruktura_drogowa\/wp-content\/uploads\/2024\/01\/IMG-20210526-WA0001-425x415.jpg\" alt=\"IMG-20210526-WA0001\" \/><\/figure><\/div><div class=\"swiper-slide\" role=\"group\" aria-roledescription=\"slide\" aria-label=\"3 z 14\"><figure class=\"swiper-slide-inner\"><img decoding=\"async\" class=\"swiper-slide-image\" src=\"https:\/\/flora-debowski.pl\/infrastruktura_drogowa\/wp-content\/uploads\/2024\/01\/IMG-20210526-WA0000-425x415.jpg\" alt=\"IMG-20210526-WA0000\" \/><\/figure><\/div><div class=\"swiper-slide\" role=\"group\" aria-roledescription=\"slide\" aria-label=\"4 z 14\"><figure class=\"swiper-slide-inner\"><img decoding=\"async\" class=\"swiper-slide-image\" src=\"https:\/\/flora-debowski.pl\/infrastruktura_drogowa\/wp-content\/uploads\/2024\/01\/IMG_0421-kopia-Copy-1030x687-1-425x415.jpg\" alt=\"IMG_0421-kopia-Copy-1030x687\" \/><\/figure><\/div><div class=\"swiper-slide\" role=\"group\" aria-roledescription=\"slide\" aria-label=\"5 z 14\"><figure class=\"swiper-slide-inner\"><img decoding=\"async\" class=\"swiper-slide-image\" src=\"https:\/\/flora-debowski.pl\/infrastruktura_drogowa\/wp-content\/uploads\/2024\/01\/IMG_0381-kopia-Copy-687x1030-1-425x415.jpg\" alt=\"IMG_0381-kopia-Copy-687x1030\" \/><\/figure><\/div><div class=\"swiper-slide\" role=\"group\" aria-roledescription=\"slide\" aria-label=\"6 z 14\"><figure class=\"swiper-slide-inner\"><img decoding=\"async\" class=\"swiper-slide-image\" src=\"https:\/\/flora-debowski.pl\/infrastruktura_drogowa\/wp-content\/uploads\/2024\/01\/IMG_0380-Copy-687x1030-1-425x415.jpg\" alt=\"IMG_0380-Copy-687x1030\" \/><\/figure><\/div><div class=\"swiper-slide\" role=\"group\" aria-roledescription=\"slide\" aria-label=\"7 z 14\"><figure class=\"swiper-slide-inner\"><img decoding=\"async\" class=\"swiper-slide-image\" src=\"https:\/\/flora-debowski.pl\/infrastruktura_drogowa\/wp-content\/uploads\/2024\/01\/IMG_0175-kopia-Copy-3-1030x687-1-425x415.jpg\" alt=\"IMG_0175-kopia-Copy-3-1030x687\" \/><\/figure><\/div><div class=\"swiper-slide\" role=\"group\" aria-roledescription=\"slide\" aria-label=\"8 z 14\"><figure class=\"swiper-slide-inner\"><img decoding=\"async\" class=\"swiper-slide-image\" src=\"https:\/\/flora-debowski.pl\/infrastruktura_drogowa\/wp-content\/uploads\/2024\/01\/IMG_0078-kopia-Copy-2-1030x687-1-425x415.jpg\" alt=\"IMG_0078-kopia-Copy-2-1030x687\" \/><\/figure><\/div><div class=\"swiper-slide\" role=\"group\" aria-roledescription=\"slide\" aria-label=\"9 z 14\"><figure class=\"swiper-slide-inner\"><img decoding=\"async\" class=\"swiper-slide-image\" src=\"https:\/\/flora-debowski.pl\/infrastruktura_drogowa\/wp-content\/uploads\/2024\/01\/IMG_0068-Copy-687x1030-1-425x415.jpg\" alt=\"IMG_0068-Copy-687x1030\" \/><\/figure><\/div><div class=\"swiper-slide\" role=\"group\" aria-roledescription=\"slide\" aria-label=\"10 z 14\"><figure class=\"swiper-slide-inner\"><img decoding=\"async\" class=\"swiper-slide-image\" src=\"https:\/\/flora-debowski.pl\/infrastruktura_drogowa\/wp-content\/uploads\/2024\/01\/IMG_0065-Copy-1030x687-1-425x415.jpg\" alt=\"IMG_0065-Copy-1030x687\" \/><\/figure><\/div><div class=\"swiper-slide\" role=\"group\" aria-roledescription=\"slide\" aria-label=\"11 z 14\"><figure class=\"swiper-slide-inner\"><img decoding=\"async\" class=\"swiper-slide-image\" src=\"https:\/\/flora-debowski.pl\/infrastruktura_drogowa\/wp-content\/uploads\/2024\/01\/DSC03096-Copy-1030x773-1-425x415.jpg\" alt=\"DSC03096-Copy-1030x773\" \/><\/figure><\/div><div class=\"swiper-slide\" role=\"group\" aria-roledescription=\"slide\" aria-label=\"12 z 14\"><figure class=\"swiper-slide-inner\"><img decoding=\"async\" class=\"swiper-slide-image\" src=\"https:\/\/flora-debowski.pl\/infrastruktura_drogowa\/wp-content\/uploads\/2024\/01\/DSC01551-Copy-1030x773-1-425x415.jpg\" alt=\"DSC01551-Copy-1030x773\" \/><\/figure><\/div><div class=\"swiper-slide\" role=\"group\" aria-roledescription=\"slide\" aria-label=\"13 z 14\"><figure class=\"swiper-slide-inner\"><img decoding=\"async\" class=\"swiper-slide-image\" src=\"https:\/\/flora-debowski.pl\/infrastruktura_drogowa\/wp-content\/uploads\/2024\/01\/DSC01546-Copy-1030x773-1-425x415.jpg\" alt=\"DSC01546-Copy-1030x773\" \/><\/figure><\/div><div class=\"swiper-slide\" role=\"group\" aria-roledescription=\"slide\" aria-label=\"14 z 14\"><figure class=\"swiper-slide-inner\"><img decoding=\"async\" class=\"swiper-slide-image\" src=\"https:\/\/flora-debowski.pl\/infrastruktura_drogowa\/wp-content\/uploads\/2024\/01\/DSC01550-Copy-1030x773-1-425x415.jpg\" alt=\"DSC01550-Copy-1030x773\" \/><\/figure><\/div>\t\t\t<\/div>\n\t\t\t\t\t\t\t\t\t\t\t\t<div class=\"elementor-swiper-button elementor-swiper-button-prev\" role=\"button\" tabindex=\"0\">\n\t\t\t\t\t\t<svg aria-hidden=\"true\" class=\"e-font-icon-svg e-eicon-chevron-left\" viewBox=\"0 0 1000 1000\" xmlns=\"http:\/\/www.w3.org\/2000\/svg\"><path d=\"M646 125C629 125 613 133 604 142L308 442C296 454 292 471 292 487 292 504 296 521 308 533L604 854C617 867 629 875 646 875 663 875 679 871 692 858 704 846 713 829 713 812 713 796 708 779 692 767L438 487 692 225C700 217 708 204 708 187 708 171 704 154 692 142 675 129 663 125 646 125Z\"><\/path><\/svg>\t\t\t\t\t<\/div>\n\t\t\t\t\t<div class=\"elementor-swiper-button elementor-swiper-button-next\" role=\"button\" tabindex=\"0\">\n\t\t\t\t\t\t<svg aria-hidden=\"true\" class=\"e-font-icon-svg e-eicon-chevron-right\" viewBox=\"0 0 1000 1000\" xmlns=\"http:\/\/www.w3.org\/2000\/svg\"><path d=\"M696 533C708 521 713 504 713 487 713 471 708 454 696 446L400 146C388 133 375 125 354 125 338 125 325 129 313 142 300 154 292 171 292 187 292 204 296 221 308 233L563 492 304 771C292 783 288 800 288 817 288 833 296 850 308 863 321 871 338 875 354 875 371 875 388 867 400 854L696 533Z\"><\/path><\/svg>\t\t\t\t\t<\/div>\n\t\t\t\t\n\t\t\t\t\t\t\t\t\t<div class=\"swiper-pagination\"><\/div>\n\t\t\t\t\t\t\t\t\t<\/div>\n\t\t\t\t\t\t<\/div>\n\t\t\t\t<\/div>\n\t\t\t\t\t<\/div>\n\t\t\t\t<\/div>\n\t\t<div class=\"elementor-element elementor-element-690e748 e-flex e-con-boxed e-con e-parent\" data-id=\"690e748\" data-element_type=\"container\" data-e-type=\"container\">\n\t\t\t\t\t<div class=\"e-con-inner\">\n\t\t\t\t<div class=\"elementor-element elementor-element-43210d5 elementor-widget elementor-widget-text-editor\" data-id=\"43210d5\" data-element_type=\"widget\" data-e-type=\"widget\" data-widget_type=\"text-editor.default\">\n\t\t\t\t<div class=\"elementor-widget-container\">\n\t\t\t\t\t\t\t\t\t<div class=\"template-page content av-content-full alpha units\"><div class=\"post-entry post-entry-type-page post-entry-9\"><div class=\"entry-content-wrapper clearfix\"><section class=\"av_textblock_section\"><div class=\"avia_textblock \"><h3 style=\"text-align: center;\"><span style=\"color: #008000;\"><strong><em>EKRANY ZIEMNE<\/em><\/strong><\/span><\/h3><p><strong>Ekrany ziemne s\u0105 konstrukcj\u0105 no\u015bn\u0105 w kt\u00f3rej elementami no\u015bnymi s\u0105 ramy stalowe stawiane na specjalnie przygotowanym pod\u0142o\u017cu, skr\u0119cane ze sob\u0105 za pomoc\u0105 \u015brub i \u015bci\u0105g\u00f3w. Zamontowany szkielet stalowy jest wy\u0142o\u017cony od wewn\u0105trz matami i zasypywany ziemi\u0105 oraz kruszywem.<\/strong><\/p><p>Produkowane przez nasz\u0105 firm\u0119 konstrukcje stalowe ocynkowane s\u0142u\u017c\u0105ce do budowy ekran\u00f3w ziemnych to wolnostoj\u0105ce samono\u015bne modu\u0142y stalowe wype\u0142nione ziemi\u0105 i kruszywem, stanowi\u0105ce os\u0142on\u0119 przeciwd\u017awi\u0119kow\u0105 dla bezpo\u015bredniego rozchodzenia si\u0119 w powietrzu ha\u0142asu komunikacyjnego i przemys\u0142owego.<\/p><p><strong>Parametry akustyczne paneli:<\/strong><\/p><table border=\"1\"><tbody><tr><td><strong>Parametr akustyczny<\/strong><\/td><td><strong>[dB]<\/strong><\/td><td><strong>\u00a0 Klasa \u00a0<\/strong><\/td><\/tr><tr><td>\u00a0 Jednoliczbowy wska\u017anik oceny izolacyjno\u015bci od d\u017awi\u0119k\u00f3w powietrznych \u0394L<sub>R<\/sub>:<\/td><td>\u00a0\u00a060 dB<\/td><td>\u00a0 \u00a0\u00a0 B3<\/td><\/tr><tr><td>\u00a0 Jednoliczbowy wska\u017anik oceny poch\u0142aniania d\u017awi\u0119ku \u0394L<sub>a<\/sub>:<\/td><td>\u00a0\u00a010 dB<\/td><td>\u00a0\u00a0 \u00a0 A3<\/td><\/tr><\/tbody><\/table><p><strong>Parametry techniczne paneli:<\/strong><\/p><p><strong>Wysoko\u015b\u0107 ekranu:<\/strong> do 6 000 mm (z modu\u0142em co 500 mm)<br \/><strong>D\u0142ugo\u015b\u0107 panelu:<\/strong> dostosowana do potrzeb<\/p><p>Klasyfikacja w zakresie reakcji na ogie\u0144 wg PN-EN 13501-1+A1:2010 \u2013 D-s1, d0 (materia\u0142 trudnozapalny), panele w standardzie posiadaj\u0105 2 klas\u0119 ognioodporno\u015bci na po\u017car zaro\u015bli zgodnie z norm\u0105 1794-2:2011<\/p><\/div><\/section><\/div><\/div><\/div>\t\t\t\t\t\t\t\t<\/div>\n\t\t\t\t<\/div>\n\t\t\t\t\t<\/div>\n\t\t\t\t<\/div>\n\t\t<div class=\"elementor-element elementor-element-f1d3ca6 e-flex e-con-boxed e-con e-parent\" data-id=\"f1d3ca6\" data-element_type=\"container\" data-e-type=\"container\">\n\t\t\t\t\t<div class=\"e-con-inner\">\n\t\t\t\t<div class=\"elementor-element elementor-element-1a2a81b elementor-widget elementor-widget-image\" data-id=\"1a2a81b\" data-element_type=\"widget\" data-e-type=\"widget\" data-widget_type=\"image.default\">\n\t\t\t\t<div class=\"elementor-widget-container\">\n\t\t\t\t\t\t\t\t\t\t\t\t\t\t\t<img fetchpriority=\"high\" decoding=\"async\" width=\"1024\" height=\"691\" src=\"https:\/\/flora-debowski.pl\/infrastruktura_drogowa\/wp-content\/uploads\/2024\/04\/2_0000-Copy-1024x691.png\" class=\"attachment-large size-large wp-image-1509\" alt=\"\" srcset=\"https:\/\/flora-debowski.pl\/infrastruktura_drogowa\/wp-content\/uploads\/2024\/04\/2_0000-Copy-1024x691.png 1024w, https:\/\/flora-debowski.pl\/infrastruktura_drogowa\/wp-content\/uploads\/2024\/04\/2_0000-Copy-300x202.png 300w, https:\/\/flora-debowski.pl\/infrastruktura_drogowa\/wp-content\/uploads\/2024\/04\/2_0000-Copy-768x518.png 768w, https:\/\/flora-debowski.pl\/infrastruktura_drogowa\/wp-content\/uploads\/2024\/04\/2_0000-Copy-370x250.png 370w, https:\/\/flora-debowski.pl\/infrastruktura_drogowa\/wp-content\/uploads\/2024\/04\/2_0000-Copy.png 1536w\" sizes=\"(max-width: 1024px) 100vw, 1024px\" \/>\t\t\t\t\t\t\t\t\t\t\t\t\t\t\t<\/div>\n\t\t\t\t<\/div>\n\t\t\t\t\t<\/div>\n\t\t\t\t<\/div>\n\t\t\t\t<section class=\"elementor-section elementor-top-section elementor-element elementor-element-2b26c82e animated-slow elementor-section-boxed elementor-section-height-default elementor-section-height-default elementor-invisible\" data-id=\"2b26c82e\" data-element_type=\"section\" data-e-type=\"section\" data-settings=\"{&quot;animation&quot;:&quot;fadeInUp&quot;}\">\n\t\t\t\t\t\t<div class=\"elementor-container elementor-column-gap-default\">\n\t\t\t\t\t<div class=\"elementor-column elementor-col-50 elementor-top-column elementor-element elementor-element-174d9783\" data-id=\"174d9783\" data-element_type=\"column\" data-e-type=\"column\">\n\t\t\t<div class=\"elementor-widget-wrap elementor-element-populated\">\n\t\t\t\t\t\t<div class=\"elementor-element elementor-element-38bfd15c elementor-widget-divider--view-line elementor-widget elementor-widget-divider\" data-id=\"38bfd15c\" data-element_type=\"widget\" data-e-type=\"widget\" data-widget_type=\"divider.default\">\n\t\t\t\t<div class=\"elementor-widget-container\">\n\t\t\t\t\t\t\t<div class=\"elementor-divider\">\n\t\t\t<span class=\"elementor-divider-separator\">\n\t\t\t\t\t\t<\/span>\n\t\t<\/div>\n\t\t\t\t\t\t<\/div>\n\t\t\t\t<\/div>\n\t\t\t\t<div class=\"elementor-element elementor-element-4df186cd elementor-widget elementor-widget-text-editor\" data-id=\"4df186cd\" data-element_type=\"widget\" data-e-type=\"widget\" data-widget_type=\"text-editor.default\">\n\t\t\t\t<div class=\"elementor-widget-container\">\n\t\t\t\t\t\t\t\t\tRealizujemy projekty, dostawy i monta\u017c dla generalnych wykonawc\u00f3w kontrakt\u00f3w drogowych, autostradowych i kolejowych jak: \t\t\t\t\t\t\t\t<\/div>\n\t\t\t\t<\/div>\n\t\t\t\t<div class=\"elementor-element elementor-element-67f4ce4e elementor-pagination-position-outside elementor-widget elementor-widget-image-carousel\" data-id=\"67f4ce4e\" data-element_type=\"widget\" data-e-type=\"widget\" data-settings=\"{&quot;slides_to_show&quot;:&quot;3&quot;,&quot;slides_to_scroll&quot;:&quot;2&quot;,&quot;navigation&quot;:&quot;dots&quot;,&quot;image_spacing_custom&quot;:{&quot;unit&quot;:&quot;px&quot;,&quot;size&quot;:36,&quot;sizes&quot;:[]},&quot;autoplay&quot;:&quot;yes&quot;,&quot;pause_on_hover&quot;:&quot;yes&quot;,&quot;pause_on_interaction&quot;:&quot;yes&quot;,&quot;autoplay_speed&quot;:5000,&quot;infinite&quot;:&quot;yes&quot;,&quot;speed&quot;:500,&quot;image_spacing_custom_tablet&quot;:{&quot;unit&quot;:&quot;px&quot;,&quot;size&quot;:&quot;&quot;,&quot;sizes&quot;:[]},&quot;image_spacing_custom_mobile&quot;:{&quot;unit&quot;:&quot;px&quot;,&quot;size&quot;:&quot;&quot;,&quot;sizes&quot;:[]}}\" data-widget_type=\"image-carousel.default\">\n\t\t\t\t<div class=\"elementor-widget-container\">\n\t\t\t\t\t\t\t<div class=\"elementor-image-carousel-wrapper swiper\" role=\"region\" aria-roledescription=\"carousel\" aria-label=\"Karuzela obrazk\u00f3w\" dir=\"ltr\">\n\t\t\t<div class=\"elementor-image-carousel swiper-wrapper\" aria-live=\"off\">\n\t\t\t\t\t\t\t\t<div class=\"swiper-slide\" role=\"group\" aria-roledescription=\"slide\" aria-label=\"1 z 12\"><figure class=\"swiper-slide-inner\"><img decoding=\"async\" class=\"swiper-slide-image\" src=\"https:\/\/flora-debowski.pl\/infrastruktura_drogowa\/wp-content\/uploads\/2024\/01\/logo_7.jpg\" alt=\"logo_7\" \/><\/figure><\/div><div class=\"swiper-slide\" role=\"group\" aria-roledescription=\"slide\" aria-label=\"2 z 12\"><figure class=\"swiper-slide-inner\"><img decoding=\"async\" class=\"swiper-slide-image\" src=\"https:\/\/flora-debowski.pl\/infrastruktura_drogowa\/wp-content\/uploads\/2023\/12\/q1.jpg\" alt=\"q1\" \/><\/figure><\/div><div class=\"swiper-slide\" role=\"group\" aria-roledescription=\"slide\" aria-label=\"3 z 12\"><figure class=\"swiper-slide-inner\"><img decoding=\"async\" class=\"swiper-slide-image\" src=\"https:\/\/flora-debowski.pl\/infrastruktura_drogowa\/wp-content\/uploads\/2023\/12\/q2.jpg\" alt=\"q2\" \/><\/figure><\/div><div class=\"swiper-slide\" role=\"group\" aria-roledescription=\"slide\" aria-label=\"4 z 12\"><figure class=\"swiper-slide-inner\"><img decoding=\"async\" class=\"swiper-slide-image\" src=\"https:\/\/flora-debowski.pl\/infrastruktura_drogowa\/wp-content\/uploads\/2023\/12\/q3.png\" alt=\"q3\" \/><\/figure><\/div><div class=\"swiper-slide\" role=\"group\" aria-roledescription=\"slide\" aria-label=\"5 z 12\"><figure class=\"swiper-slide-inner\"><img decoding=\"async\" class=\"swiper-slide-image\" src=\"https:\/\/flora-debowski.pl\/infrastruktura_drogowa\/wp-content\/uploads\/2023\/12\/q4.png\" alt=\"q4\" \/><\/figure><\/div><div class=\"swiper-slide\" role=\"group\" aria-roledescription=\"slide\" aria-label=\"6 z 12\"><figure class=\"swiper-slide-inner\"><img decoding=\"async\" class=\"swiper-slide-image\" src=\"https:\/\/flora-debowski.pl\/infrastruktura_drogowa\/wp-content\/uploads\/2023\/12\/q5.jpg\" alt=\"q5\" \/><\/figure><\/div><div class=\"swiper-slide\" role=\"group\" aria-roledescription=\"slide\" aria-label=\"7 z 12\"><figure class=\"swiper-slide-inner\"><img decoding=\"async\" class=\"swiper-slide-image\" src=\"https:\/\/flora-debowski.pl\/infrastruktura_drogowa\/wp-content\/uploads\/2023\/12\/q6.png\" alt=\"q6\" \/><\/figure><\/div><div class=\"swiper-slide\" role=\"group\" aria-roledescription=\"slide\" aria-label=\"8 z 12\"><figure class=\"swiper-slide-inner\"><img decoding=\"async\" class=\"swiper-slide-image\" src=\"https:\/\/flora-debowski.pl\/infrastruktura_drogowa\/wp-content\/uploads\/2023\/12\/a7.png\" alt=\"a7\" \/><\/figure><\/div><div class=\"swiper-slide\" role=\"group\" aria-roledescription=\"slide\" aria-label=\"9 z 12\"><figure class=\"swiper-slide-inner\"><img decoding=\"async\" class=\"swiper-slide-image\" src=\"https:\/\/flora-debowski.pl\/infrastruktura_drogowa\/wp-content\/uploads\/2023\/12\/a8.png\" alt=\"a8\" \/><\/figure><\/div><div class=\"swiper-slide\" role=\"group\" aria-roledescription=\"slide\" aria-label=\"10 z 12\"><figure class=\"swiper-slide-inner\"><img decoding=\"async\" class=\"swiper-slide-image\" src=\"https:\/\/flora-debowski.pl\/infrastruktura_drogowa\/wp-content\/uploads\/2023\/12\/q9.webp\" alt=\"q9\" \/><\/figure><\/div><div class=\"swiper-slide\" role=\"group\" aria-roledescription=\"slide\" aria-label=\"11 z 12\"><figure class=\"swiper-slide-inner\"><img decoding=\"async\" class=\"swiper-slide-image\" src=\"https:\/\/flora-debowski.pl\/infrastruktura_drogowa\/wp-content\/uploads\/2023\/12\/q10.jpg\" alt=\"q10\" \/><\/figure><\/div><div class=\"swiper-slide\" role=\"group\" aria-roledescription=\"slide\" aria-label=\"12 z 12\"><figure class=\"swiper-slide-inner\"><img decoding=\"async\" class=\"swiper-slide-image\" src=\"https:\/\/flora-debowski.pl\/infrastruktura_drogowa\/wp-content\/uploads\/2023\/12\/q10.png\" alt=\"q10\" \/><\/figure><\/div>\t\t\t<\/div>\n\t\t\t\t\t\t\t\n\t\t\t\t\t\t\t\t\t<div class=\"swiper-pagination\"><\/div>\n\t\t\t\t\t\t\t\t\t<\/div>\n\t\t\t\t\t\t<\/div>\n\t\t\t\t<\/div>\n\t\t\t\t<div class=\"elementor-element elementor-element-aaf193 elementor-widget elementor-widget-text-editor\" data-id=\"aaf193\" data-element_type=\"widget\" data-e-type=\"widget\" data-widget_type=\"text-editor.default\">\n\t\t\t\t<div class=\"elementor-widget-container\">\n\t\t\t\t\t\t\t\t\t<p>A tak\u017ce bezpo\u015brednio dla Generalnej Dyrekcji Dr\u00f3g Krajowych i Autostrad oraz PKP PLK.<\/p>\t\t\t\t\t\t\t\t<\/div>\n\t\t\t\t<\/div>\n\t\t\t\t<div class=\"elementor-element elementor-element-74ff26e elementor-widget-divider--view-line elementor-widget elementor-widget-divider\" data-id=\"74ff26e\" data-element_type=\"widget\" data-e-type=\"widget\" data-widget_type=\"divider.default\">\n\t\t\t\t<div class=\"elementor-widget-container\">\n\t\t\t\t\t\t\t<div class=\"elementor-divider\">\n\t\t\t<span class=\"elementor-divider-separator\">\n\t\t\t\t\t\t<\/span>\n\t\t<\/div>\n\t\t\t\t\t\t<\/div>\n\t\t\t\t<\/div>\n\t\t\t\t\t<\/div>\n\t\t<\/div>\n\t\t\t\t<div class=\"elementor-column elementor-col-50 elementor-top-column elementor-element elementor-element-76633fe1\" data-id=\"76633fe1\" data-element_type=\"column\" data-e-type=\"column\">\n\t\t\t<div class=\"elementor-widget-wrap elementor-element-populated\">\n\t\t\t\t\t\t<div class=\"elementor-element elementor-element-1a0656d4 elementor-widget-divider--view-line elementor-widget elementor-widget-divider\" data-id=\"1a0656d4\" data-element_type=\"widget\" data-e-type=\"widget\" data-widget_type=\"divider.default\">\n\t\t\t\t<div class=\"elementor-widget-container\">\n\t\t\t\t\t\t\t<div class=\"elementor-divider\">\n\t\t\t<span class=\"elementor-divider-separator\">\n\t\t\t\t\t\t<\/span>\n\t\t<\/div>\n\t\t\t\t\t\t<\/div>\n\t\t\t\t<\/div>\n\t\t\t\t<div class=\"elementor-element elementor-element-643d6bf6 elementor-widget elementor-widget-counter\" data-id=\"643d6bf6\" data-element_type=\"widget\" data-e-type=\"widget\" data-widget_type=\"counter.default\">\n\t\t\t\t<div class=\"elementor-widget-container\">\n\t\t\t\t\t\t\t<div class=\"elementor-counter\">\n\t\t\t<div class=\"elementor-counter-title\">Zielonej \u015bciany<\/div>\t\t\t<div class=\"elementor-counter-number-wrapper\">\n\t\t\t\t<span class=\"elementor-counter-number-prefix\"><\/span>\n\t\t\t\t<span class=\"elementor-counter-number\" data-duration=\"2000\" data-to-value=\"749681\" data-from-value=\"0\">0<\/span>\n\t\t\t\t<span class=\"elementor-counter-number-suffix\">m\u00b2<\/span>\n\t\t\t<\/div>\n\t\t<\/div>\n\t\t\t\t\t\t<\/div>\n\t\t\t\t<\/div>\n\t\t\t\t<div class=\"elementor-element elementor-element-4eaaade2 elementor-widget elementor-widget-counter\" data-id=\"4eaaade2\" data-element_type=\"widget\" data-e-type=\"widget\" data-widget_type=\"counter.default\">\n\t\t\t\t<div class=\"elementor-widget-container\">\n\t\t\t\t\t\t\t<div class=\"elementor-counter\">\n\t\t\t<div class=\"elementor-counter-title\">Ekran\u00f3w ziemnych<\/div>\t\t\t<div class=\"elementor-counter-number-wrapper\">\n\t\t\t\t<span class=\"elementor-counter-number-prefix\"><\/span>\n\t\t\t\t<span class=\"elementor-counter-number\" data-duration=\"2000\" data-to-value=\"5842\" data-from-value=\"0\">0<\/span>\n\t\t\t\t<span class=\"elementor-counter-number-suffix\">m\u00b2<\/span>\n\t\t\t<\/div>\n\t\t<\/div>\n\t\t\t\t\t\t<\/div>\n\t\t\t\t<\/div>\n\t\t\t\t<div class=\"elementor-element elementor-element-410f3844 elementor-widget elementor-widget-counter\" data-id=\"410f3844\" data-element_type=\"widget\" data-e-type=\"widget\" data-widget_type=\"counter.default\">\n\t\t\t\t<div class=\"elementor-widget-container\">\n\t\t\t\t\t\t\t<div class=\"elementor-counter\">\n\t\t\t<div class=\"elementor-counter-title\">Paneli akustycznych drewnianych<\/div>\t\t\t<div class=\"elementor-counter-number-wrapper\">\n\t\t\t\t<span class=\"elementor-counter-number-prefix\"><\/span>\n\t\t\t\t<span class=\"elementor-counter-number\" data-duration=\"2000\" data-to-value=\"216549\" data-from-value=\"0\">0<\/span>\n\t\t\t\t<span class=\"elementor-counter-number-suffix\">m\u00b2<\/span>\n\t\t\t<\/div>\n\t\t<\/div>\n\t\t\t\t\t\t<\/div>\n\t\t\t\t<\/div>\n\t\t\t\t<div class=\"elementor-element elementor-element-11817699 elementor-widget elementor-widget-counter\" data-id=\"11817699\" data-element_type=\"widget\" data-e-type=\"widget\" data-widget_type=\"counter.default\">\n\t\t\t\t<div class=\"elementor-widget-container\">\n\t\t\t\t\t\t\t<div class=\"elementor-counter\">\n\t\t\t<div class=\"elementor-counter-title\">Wype\u0142nie\u0144 aluminiowych<\/div>\t\t\t<div class=\"elementor-counter-number-wrapper\">\n\t\t\t\t<span class=\"elementor-counter-number-prefix\"><\/span>\n\t\t\t\t<span class=\"elementor-counter-number\" data-duration=\"2000\" data-to-value=\"21393\" data-from-value=\"0\">0<\/span>\n\t\t\t\t<span class=\"elementor-counter-number-suffix\">m\u00b2<\/span>\n\t\t\t<\/div>\n\t\t<\/div>\n\t\t\t\t\t\t<\/div>\n\t\t\t\t<\/div>\n\t\t\t\t<div class=\"elementor-element elementor-element-89c125c elementor-widget elementor-widget-counter\" data-id=\"89c125c\" data-element_type=\"widget\" data-e-type=\"widget\" data-widget_type=\"counter.default\">\n\t\t\t\t<div class=\"elementor-widget-container\">\n\t\t\t\t\t\t\t<div class=\"elementor-counter\">\n\t\t\t<div class=\"elementor-counter-title\">Konstukcji stalowych<\/div>\t\t\t<div class=\"elementor-counter-number-wrapper\">\n\t\t\t\t<span class=\"elementor-counter-number-prefix\"><\/span>\n\t\t\t\t<span class=\"elementor-counter-number\" data-duration=\"2000\" data-to-value=\"21560\" data-from-value=\"0\">0<\/span>\n\t\t\t\t<span class=\"elementor-counter-number-suffix\">ton<\/span>\n\t\t\t<\/div>\n\t\t<\/div>\n\t\t\t\t\t\t<\/div>\n\t\t\t\t<\/div>\n\t\t\t\t\t<\/div>\n\t\t<\/div>\n\t\t\t\t\t<\/div>\n\t\t<\/section>\n\t\t\t\t<\/div>\n\t\t","protected":false},"excerpt":{"rendered":"<p>EKRANY ZIEMNE Ekrany ziemne s\u0105 konstrukcj\u0105 no\u015bn\u0105 w kt\u00f3rej elementami no\u015bnymi s\u0105 ramy stalowe stawiane na specjalnie przygotowanym pod\u0142o\u017cu, skr\u0119cane ze sob\u0105 za pomoc\u0105 \u015brub i \u015bci\u0105g\u00f3w. Zamontowany szkielet stalowy jest wy\u0142o\u017cony od wewn\u0105trz matami i zasypywany ziemi\u0105 oraz kruszywem. Produkowane przez nasz\u0105 firm\u0119 konstrukcje stalowe ocynkowane s\u0142u\u017c\u0105ce do budowy ekran\u00f3w ziemnych to wolnostoj\u0105ce samono\u015bne [&hellip;]<\/p>\n","protected":false},"author":1,"featured_media":0,"parent":0,"menu_order":0,"comment_status":"closed","ping_status":"closed","template":"page-templates\/fullwidth-content.php","meta":{"rs_blank_template":"","rs_page_bg_color":"","slide_template_v7":"","footnotes":""},"class_list":["post-846","page","type-page","status-publish","hentry","no-thumb"],"_links":{"self":[{"href":"https:\/\/flora-debowski.pl\/infrastruktura_drogowa\/wp-json\/wp\/v2\/pages\/846","targetHints":{"allow":["GET"]}}],"collection":[{"href":"https:\/\/flora-debowski.pl\/infrastruktura_drogowa\/wp-json\/wp\/v2\/pages"}],"about":[{"href":"https:\/\/flora-debowski.pl\/infrastruktura_drogowa\/wp-json\/wp\/v2\/types\/page"}],"author":[{"embeddable":true,"href":"https:\/\/flora-debowski.pl\/infrastruktura_drogowa\/wp-json\/wp\/v2\/users\/1"}],"replies":[{"embeddable":true,"href":"https:\/\/flora-debowski.pl\/infrastruktura_drogowa\/wp-json\/wp\/v2\/comments?post=846"}],"version-history":[{"count":22,"href":"https:\/\/flora-debowski.pl\/infrastruktura_drogowa\/wp-json\/wp\/v2\/pages\/846\/revisions"}],"predecessor-version":[{"id":1577,"href":"https:\/\/flora-debowski.pl\/infrastruktura_drogowa\/wp-json\/wp\/v2\/pages\/846\/revisions\/1577"}],"wp:attachment":[{"href":"https:\/\/flora-debowski.pl\/infrastruktura_drogowa\/wp-json\/wp\/v2\/media?parent=846"}],"curies":[{"name":"wp","href":"https:\/\/api.w.org\/{rel}","templated":true}]}}